?
2, 3, 29, 6121
List the prime factors of 1260277.
1260277
What are the prime factors of 8198063?
17, 19, 1493
List the prime factors of 45228.
2, 3, 3769
What are the prime factors of 7378795?
5, 1475759
List the prime factors of 58270.
2, 5, 5827
What are the prime factors of 3365745?
3, 5, 17, 67, 197
What are the prime factors of 408420?
2, 3, 5, 2269
What are the prime factors of 295320?
2, 3, 5, 23, 107
List the prime factors of 41758859.
53, 787903
List the prime factors of 305024.
2, 2383
List the prime factors of 526547.
7, 19, 37, 107
List the prime factors of 4400676.
2, 3, 7, 5821
List the prime factors of 967797.
3, 191, 563
What are the prime factors of 171673?
171673
List the prime factors of 114359.
7, 17, 31
List the prime factors of 1147931.
1147931
List the prime factors of 235956.
2, 3, 7, 53
List the prime factors of 3655153.
17, 211, 1019
List the prime factors of 2405630.
2, 5, 109, 2207
What are the prime factors of 112687?
112687
List the prime factors of 135995.
5, 59, 461
What are the prime factors of 36077?
43, 839
What are the prime factors of 9881860?
2, 5, 494093
List the prime factors of 303397.
31, 9787
What are the prime factors of 1460703?
3, 331, 1471
List the prime factors of 1266.
2, 3, 211
List the prime factors of 535703.
7, 103, 743
List the prime factors of 9452529.
3, 1050281
List the prime factors of 1078551.
3, 119839
List the prime factors of 1201057.
11, 13, 37, 227
List the prime factors of 340582.
2, 11, 113, 137
List the prime factors of 2556556.
2, 229, 2791
List the prime factors of 3967225.
5, 31, 5119
List the prime factors of 554360.
2, 5, 13859
List the prime factors of 1423152.
2, 3, 9883
What are the prime factors of 11449450?
2, 5, 228989
What are the prime factors of 546512?
2, 34157
List the prime factors of 1390510.
2, 5, 11, 12641
List the prime factors of 520791.
3, 67, 2591
What are the prime factors of 15407445?
3, 5, 1027163
What are the prime factors of 7439465?
5, 11, 23, 5881
What are the prime factors of 817984?
2, 12781
List the prime factors of 425286.
2, 3, 23627
List the prime factors of 181193.
181193
What are the prime factors of 620555?
5, 13, 9547
List the prime factors of 177815.
5, 11, 53, 61
What are the prime factors of 2461920?
2, 3, 5, 23, 223
List the prime factors of 3477588.
2, 3, 17, 17047
What are the prime factors of 612260?
2, 5, 11, 23
List the prime factors of 9807221.
163, 60167
List the prime factors of 1415755.
5, 11, 25741
List the prime factors of 3818256.
2, 3, 13, 29, 211
List the prime factors of 198229.
167, 1187
List the prime factors of 53113.
53113
List the prime factors of 10718873.
11, 974443
List the prime factors of 725404.
2, 151, 1201
What are the prime factors of 1211910?
2, 3, 5, 7, 29, 199
What are the prime factors of 65679?
3, 21893
What are the prime factors of 9455068?
2, 7, 337681
List the prime factors of 32547930.
2, 3, 5, 67, 16193
What are the prime factors of 736076?
2, 11, 16729
What are the prime factors of 25783947?
3, 7, 19489
List the prime factors of 852900.
2, 3, 5, 2843
What are the prime factors of 13718982?
2, 3, 79, 103, 281
List the prime factors of 726231.
3, 11, 59, 373
What are the prime factors of 22044307?
22044307
What are the prime factors of 1581122?
2, 197, 4013
What are the prime factors of 4089444?
2, 3, 340787
What are the prime factors of 299422?
2, 149711
What are the prime factors of 13752763?
13752763
What are the prime factors of 4086846?
2, 3, 109, 2083
List the prime factors of 182115.
3, 5, 19, 71
List the prime factors of 1575053.
37, 42569
List the prime factors of 585609.
3, 195203
What are the prime factors of 2596771?
37, 70183
List the prime factors of 136723.
47, 2909
What are the prime factors of 2285229?
3, 29, 26267
List the prime factors of 280990.
2, 5, 28099
List the prime factors of 69473.
69473
List the prime factors of 13771505.
5, 11, 337, 743
What are the prime factors of 465955?
5, 7, 13313
List the prime factors of 4212757.
73, 57709
What are the prime factors of 1201250?
2, 5, 31
What are the prime factors of 10312511?
11, 937501
List the prime factors of 998835.
3, 5, 17, 3917
What are the prime factors of 2852645?
5, 570529
List the prime factors of 185655.
3, 5, 12377
What are the prime factors of 22141?
7, 3163
What are the prime factors of 97952?
2, 3061
What are the prime factors of 17313764?
2, 13, 233, 1429
What are the prime factors of 365525?
5, 14621
List the prime factors of 1859574.
2, 3, 309929
List the prime factors of 4322758.
2, 11, 23, 8543
List the prime factors of 3789608.
2, 307, 1543
What are the prime factors of 214947?
3, 19, 419
What are the prime factors of 217938?
2, 3, 7, 5189
What are the prime factors of 391030?
2, 5, 39103
What are the prime factors of 621730?
2, 5, 79, 787
List the prime factors of 260768.
2, 29, 281
List the prime factors of 310296.
2, 3, 7, 1847
What are the prime factors of 400029?
3, 7, 43, 443
List the prime factors of 460872.
2, 3, 37, 173
What are the prime factors of 7454677?
79, 197, 479
List the prime factors of 219870.
2, 3, 5, 7, 349
What are the prime factors of 19967583?
3, 967, 6883
List the prime factors of 29651278.
2, 23, 644593
List the prime factors of 1686682.
2, 23, 37, 991
List the prime factors of 33966266.
2, 31, 163, 3361
List the prime factors of 37953.
3, 4217
List the prime factors of 102416.
2, 37, 173
List the prime factors of 407836.
2, 11, 13, 23, 31
List the prime factors of 61314.
2, 3, 11, 929
What are the prime factors of 1385705?
5, 191, 1451
List the prime factors of 164843.
7, 23549
What are the prime factors of 118892?
2, 29723
What are the prime factors of 15740011?
7, 17, 29, 4561
What are the prime factors of 5089103?
17, 299359
List the prime factors of 21543976.
2, 443, 6079
List the prime factors of 8420776.
2, 7, 13, 43, 269
List the prime factors of 1147524.
2, 3, 7, 19, 719
What are the prime factors of 283149?
3, 10487
What are the prime factors of 1621689?
3, 241, 2243
List the prime factors of 2257072.
2, 141067
What are the prime factors of 41800?
2, 5, 11, 19
What are the prime factors of 394076?
2, 98519
What are the prime factors of 2665469?
2665469
What are the prime factors of 6841741?
23, 297467
What are the prime factors of 96524?
2, 59, 409
What are the prime factors of 440477?
19, 97, 239
List the prime factors of 5646517.
5646517
What are the prime factors of 209502?
2, 3, 103, 113
What are the prime factors of 1492091?
83, 17977
List the prime factors of 6393145.
5, 11, 116239
What are the prime factors of 29142?
2, 3, 1619
List the prime factors of 1850328.
2, 3, 31, 829
What are the prime factors of 2895681?
3, 965227
What are the prime factors of 16952484?
2, 3, 19, 74353
What are the prime factors of 87066?
2, 3, 7, 691
What are the prime factors of 4923?
3, 547
List the prime factors of 1149716.
2, 83, 3463
List the prime factors of 2098816.
2, 19, 863
List the prime factors of 48132.
2, 3, 7, 191
List the prime factors of 7374691.
7374691
List the prime factors of 1936585.
5, 7, 55331
What are the prime factors of 2029171?
17, 119363
What are the prime factors of 3190224?
2, 3, 66463
List the prime factors of 8314763.
167, 49789
List the prime factors of 874389.
3, 383, 761
What are the prime factors of 2803073?
7, 13, 30803
List the prime factors of 3214892.
2, 41, 19603
List the prime factors of 157079.
13, 43, 281
What are the prime factors of 208184?
2, 53, 491
What are the prime factors of 672152?
2, 13, 23, 281
List the prime factors of 4603.
4603
What are the prime factors of 168823?
79, 2137
List the prime factors of 424424.
2, 7, 11, 13, 53
List the prime factors of 112970.
2, 5, 11, 13, 79
List the prime factors of 5653845.
3, 5, 125641
List the prime factors of 124135.
5, 11, 37, 61
List the prime factors of 43534.
2, 21767
List the prime factors of 1103690.
2, 5, 7, 15767
List the prime factors of 114553.
114553
List the prime factors of 610223.
19, 32117
List the prime factors of 136259.
89, 1531
What are the prime factors of 5138445?
3, 5, 13, 2027
What are the prime factors of 1558425?
3, 5, 11, 1889
List the prime factors of 3796115.
5, 759223
What are the prime factors of 1382248?
2, 7, 24683
What are the prime factors of 223435